 of 1149002?
4
What is the hundred thousands digit of 2983375?
9
What is the hundred thousands digit of 169899?
1
What is the units digit of 1104221?
1
What is the tens digit of 31422701?
0
What is the hundreds digit of 4090695?
6
What is the units digit of 42118?
8
What is the tens digit of 2346956?
5
What is the units digit of 29541?
1
What is the hundreds digit of 445037?
0
What is the hundred thousands digit of 321804?
3
What is the ten thousands digit of 17090299?
9
What is the tens digit of 34119285?
8
What is the millions digit of 4087375?
4
What is the millions digit of 14304928?
4
What is the ten thousands digit of 4953076?
5
What is the tens digit of 7819701?
0
What is the units digit of 18183922?
2
What is the tens digit of 204481?
8
What is the hundreds digit of 1570265?
2
What is the hundreds digit of 65885?
8
What is the units digit of 6925253?
3
What is the millions digit of 7598274?
7
What is the thousands digit of 2133302?
3
What is the hundred thousands digit of 491238?
4
What is the millions digit of 1830027?
1
What is the units digit of 324338?
8
What is the tens digit of 9409977?
7
What is the units digit of 54476?
6
What is the ten thousands digit of 1199424?
9
What is the tens digit of 498518?
1
What is the hundreds digit of 908323?
3
What is the hundreds digit of 638846?
8
What is the units digit of 41128?
8
What is the ten thousands digit of 164327?
6
What is the tens digit of 51696?
9
What is the hundred thousands digit of 873230?
8
What is the tens digit of 313749?
4
What is the units digit of 288815?
5
What is the hundred thousands digit of 452843?
4
What is the thousands digit of 128940?
8
What is the units digit of 106854?
4
What is the tens digit of 217070?
7
What is the hundred thousands digit of 167754?
1
What is the millions digit of 9198603?
9
What is the thousands digit of 13982916?
2
What is the units digit of 30545567?
7
What is the thousands digit of 215250?
5
What is the thousands digit of 55784?
5
What is the hundred thousands digit of 7333534?
3
What is the units digit of 470432?
2
What is the units digit of 42197?
7
What is the ten thousands digit of 9589926?
8
What is the thousands digit of 3705340?
5
What is the hundreds digit of 18197872?
8
What is the tens digit of 479594?
9
What is the units digit of 5484922?
2
What is the millions digit of 4371408?
4
What is the units digit of 5662777?
7
What is the ten thousands digit of 3211189?
1
What is the units digit of 3688625?
5
What is the hundred thousands digit of 2097287?
0
What is the hundred thousands digit of 359288?
3
What is the thousands digit of 4596010?
6
What is the thousands digit of 653114?
3
What is the thousands digit of 652805?
2
What is the hundreds digit of 8830199?
1
What is the hundreds digit of 5587872?
8
What is the thousands digit of 4790268?
0
What is the hundreds digit of 141494?
4
What is the tens digit of 930833?
3
What is the hundreds digit of 5960155?
1
What is the tens digit of 509495?
9
What is the ten thousands digit of 2034738?
3
What is the units digit of 4483921?
1
What is the hundred thousands digit of 1906376?
9
What is the units digit of 9713742?
2
What is the units digit of 5018?
8
What is the ten thousands digit of 8395226?
9
What is the hundreds digit of 6866043?
0
What is the tens digit of 1935440?
4
What is the thousands digit of 970880?
0
What is the thousands digit of 376350?
6
What is the hundreds digit of 207675?
6
What is the hundred thousands digit of 400005?
4
What is the ten thousands digit of 1379270?
7
What is the ten millions digit of 14872795?
1
What is the thousands digit of 436906?
6
What is the tens digit of 82397?
9
What is the ten thousands digit of 451365?
5
What is the units digit of 129450?
0
What is the units digit of 246110?
0
What is the hundreds digit of 38361752?
7
What is the ten thousands digit of 564035?
6
What is the hundred thousands digit of 4248179?
2
What is the units digit of 1166384?
4
What is the hundred thousands digit of 11444590?
4
What is the thousands digit of 84852?
4
What is the thousands digit of 1370551?
0
What is the thousands digit of 29873740?
3
What is the units digit of 265971?
1
What is the hundreds digit of 258612?
6
What is the units digit of 15693182?
2
What is the hundreds digit of 2568094?
0
What is the hundred thousands digit of 120036?
1
What is the units digit of 220281?
1
What is the units digit of 660502?
2
What is the thousands digit of 18013693?
3
What is the millions digit of 18039390?
8
What is the ten thousands digit of 618325?
1
What is the hundreds digit of 477042?
0
What is the thousands digit of 759922?
9
What is the hundred thousands digit of 188074?
1
What is the hundred thousands digit of 724103?
7
What is the millions digit of 20551465?
0
What is the thousands digit of 34238?
4
What is the ten thousands digit of 62835?
6
What is the thousands digit of 9643835?
3
What is the tens digit of 3999465?
6
What is the units digit of 109733?
3
What is the ten thousands digit of 2003761?
0
What is the ten thousands digit of 3144498?
4
What is the tens digit of 3251836?
3
What is the hundred thousands digit of 1962559?
9
What is the tens digit of 2138233?
3
What is the ten thousands digit of 14116553?
1
What is the hundreds digit of 169037?
0
What is the hundreds digit of 495128?
1
What is the millions digit of 7034089?
7
What is the tens digit of 3732611?
1
What is the thousands digit of 589937?
9
What is the units digit of 3139625?
5
What is the units digit of 92651?
1
What is the hundreds digit of 852143?
1
What is the ten thousands digit of 1334886?
3
What is the thousands digit of 1256268?
6
What is the thousands digit of 15373352?
3
What is the units digit of 520837?
7
What is the hundreds digit of 2828804?
8
What is the units digit of 176711?
1
What is the units digit of 149229?
9
What is the thousands digit of 837007?
7
What is the tens digit of 1921930?
3
What is the hundreds digit of 90375?
3
What is the hundreds digit of 266678?
6
What is the thousands digit of 302218?
2
What is the hundred thousands digit of 14499410?
4
What is the thousands digit of 6373823?
3
What is the units digit of 26406018?
8
What is the tens digit of 1391406?
0
What is the tens digit of 223987?
8
What is the ten millions digit of 35753942?
3
What is the hundreds digit of 164192?
1
What is the tens digit of 3413397?
9
What is the millions digit of 1732020?
1
What is the thousands digit of 668744?
8
What is the millions digit of 1724241?
1
What is the hundreds digit of 16045783?
7
What is the ten thousands digit of 182812?
8
What is the units digit of 101196?
6
What is the tens digit of 3018062?
6
What is the millions digit of 2227898?
2
What is the hundred thousands digit of 593751?
5
What is the units digit of 2022199?
9
What is the ten thousands digit of 608446?
0
What is the ten thousands digit of 233761?
3
What is the ten millions digit of 18282962?
1
What is the thousands digit of 230509?
0
What is the hundred thousands digit of 403663?
4
What is the ten thousands digit of 18331123?
3
What is the hundreds digit of 242850?
8
What is the ten thousands digit of 80921?
8
What is the hundred thousands digit of 1103359?
1
What is the thousands digit of 974102?
4
What is the ten thousands digit of 197321?
9
What is the ten thousands digit of 1518303?
1
What is the millions digit of 9848588?
9
What is the hundreds digit of 118319?
3
What is the thousands digit of 9122057?
2
What is the tens digit of 1564214?
1
What is the thousands digit of 816600?
6
What is the thousands digit of 67644?
7
What is the thousands digit of 477043?
7
What is the units digit of 723348?
8
What is the units digit of 892267?
7
What is the units digit of 266592?
2
What is the ten millions digit of 28872612?
2
What is the thousands digit of 316440?
6
What is the tens digit of 4521987?
8
What is the hundreds digit of 4506756?
7
What is the ten thousands digit of 222157?
2
What is the hundred thousands digit of 13442788?
4
What is the hundreds digit of 66137?
1
What is the hundreds digit of 201516?
5
What is the units digit of 3012704?
4
What is the units digit of 3217438?
8
What is the hundreds digit of 2683530?
5
What is the hundred thousands digit of 21663134?
6
What is the ten thousand